7*((-8)/(-7) + y)?
2, 3
Suppose -15 + 5 = -2*p. Let v be 16/p - 2/10. Suppose h = v*s - s + 10, 0 = 4*h + s - 40. List the prime factors of h.
2, 5
Suppose 164 = 7*a - 3*a. What are the prime factors of a?
41
Suppose 2*q = -0*q + 6. Let v be (0/q + -2)*-11. Suppose -2*n = -0*n - v. What are the prime factors of n?
11
Suppose 5*s - s - 8 = 0. Let k = -4 - s. Let w = 8 + k. List the prime factors of w.
2
Suppose 21*h - 26*h = -140. List the prime factors of h.
2, 7
Suppose 3*p = 6, -1 = -4*f - f - 3*p. Let u be (-45)/(-20)*(f + 5). What are the prime factors of 2/(3 - 21/u)?
3
Suppose -4*j = -7 - 5, -3*j = -w - 4. Suppose -w*d + 46 + 79 = 0. List the prime factors of d.
5
Let b be (-2 + 2 - 43) + -3. Let u = -32 - b. What are the prime factors of u?
2, 7
List the prime factors of (-782)/(-10) - -1 - (-3)/(-15).
79
Suppose -i + 0*u + 4*u = -93, 0 = 5*i - 4*u - 481. What are the prime factors of i?
97
Let t = 47 - 39. What are the prime factors of t?
2
Suppose -3*m + 5*m - 2 = 0. List the prime factors of m/4 - 69/(-12).
2, 3
Let z(n) be the third derivative of n**6/120 - 2*n**5/15 + 11*n**4/24 - 3*n**3/2 - n**2. Let x be (-18)/12*42/(-9). What are the prime factors of z(x)?
19
Let f(l) = 2*l + 2. Let g be f(3). Let w(n) = -9*n - 131*n**2 + 124*n**2 - 5 + n**3 + 14 + 3. What are the prime factors of w(g)?
2
Suppose 4*q - 5*v - 75 = -0*v, 4*q - v - 79 = 0. Let s = q - 17. List the prime factors of s.
3
What are the prime factors of 1/(3 + (-104)/36)?
3
Let b = 10 - 1. Suppose 4*y = -49 + b. List the prime factors of (-6)/y*(-3 + 8).
3
Let h be 10/4 - (-6)/(-12). Suppose 2*s - 6 = -2*t, -2*s - 6*t = -h*t. List the prime factors of s.
2, 3
Let w(t) = -t**3 - 4*t**2 - t + 2. Let n be w(-4). Suppose n*y - y = 180. List the prime factors of y.
2, 3
Let y = 138 - 87. What are the prime factors of y?
3, 17
What are the prime factors of 6/(12/74) - 4?
3, 11
Let j(w) = w**3 + 7*w**2 + 4*w - 1. What are the prime factors of j(-5)?
29
Let q be ((-7)/(-1) - 1)*1. Let m(r) = -1 + 11*r**2 + 2 - q*r**2 - r - r**3. List the prime factors of m(2).
11
Let n = -71 - -29. Let v be (5 - 1)*n/(-8). List the prime factors of (v/6 + -2)*4.
2, 3
List the prime factors of 64/7 + (-5)/35.
3
Let i(h) = -8*h**3 - h**2 - 5*h - 6. List the prime factors of i(-3).
2, 3
Let x(a) be the second derivative of -a**6/360 + a**5/15 + a**4/6 - a**3/6 + a. Let b(z) be the second derivative of x(z). List the prime factors of b(7).
11
Let s(r) = -r**3 - 5*r**2 - 4*r - 2. Let n(l) = -l**3 - 4*l**2 - 2*l - 2. Let p be n(-3). Let g be s(p). Suppose -g = -v - v. What are the prime factors of v?
3
What are the prime factors of -3*(4 + (-177)/9)?
47
Let v = 10 + 3. Suppose 4*c - 19 = v. List the prime factors of c.
2
Suppose -538 - 1217 = -9*g. What are the prime factors of g?
3, 5, 13
Suppose 24 = -2*f + 6*f + 2*w, 0 = -w. Suppose -5*g - f = -26. Suppose -u = -4*u, -48 = -g*i - 3*u. List the prime factors of i.
2, 3
Let z = -6 + 8. Suppose -3*d - 4*b - 20 = 0, z*d + 2*b + 15 = 5. Suppose d = 2*t, 3*p - p + t - 6 = 0. What are the prime factors of p?
3
Let i(a) = a**2 - 4*a - 4. Let k be i(5). List the prime factors of -12*(k - (0 + 2)).
2, 3
Let f(p) = -p**3 - p + 5. Let o = 8 - 11. Let n be 0/((3*-1)/o). What are the prime factors of f(n)?
5
Let n(a) be the second derivative of a**4/12 - a**3/3 + 3*a**2/2 + 2*a. What are the prime factors of n(3)?
2, 3
Let x = -92 + 156. Suppose -5*l = -x - 101. List the prime factors of l.
3, 11
Suppose 0 = -4*g - 4, -4*g = 2*r - 6*g + 6. Let a = 16 + r. What are the prime factors of a?
2, 3
Let m(a) = 2 + 3 + 12*a - 3 + 1. List the prime factors of m(2).
3
Let h(q) = 19 - q + 0*q + 2*q + 0. What are the prime factors of h(0)?
19
Let w(d) = -2*d + 21. What are the prime factors of w(0)?
3, 7
Let i be 3 - ((-2 - -3) + -1). Suppose -i*k + k - 16 = 0. What are the prime factors of (-112)/k + -1 + 2?
3, 5
Suppose y + m = -5, -y - 4*m + 52 = -5*y. Let c = y + 15. List the prime factors of c.
2, 3
Let g = 83 - 51. List the prime factors of g.
2
Suppose -243 = -2*a + 89. List the prime factors of a.
2, 83
Let f(y) = y**3 + y**2 - 2*y - 2. Let k be f(-2). List the prime factors of -1 - 1*(-1 + k).
2
Suppose -4*g = 4*p - 68, -3*p - 2*p = 4*g - 80. Let c be (8/p)/(2/15). Suppose 4*o - 33 = -c*h, 4*h - 4*o - 2 = 10. What are the prime factors of h?
5
Let a be (6/4)/((-6)/12). Let x(w) = w**3 + 4*w**2 - w + 4. List the prime factors of x(a).
2
Let l = -2 + -2. Let r be 1 + l/((-4)/9). Suppose 2*z = -5*o + 44, z = o + 4 - r. List the prime factors of o.
2
Let q = 16 - 11. What are the prime factors of 24*(-1 - q/(-3))?
2
Suppose -4*v + 4*q + 204 = 0, 23 = -4*q + 3. List the prime factors of v.
2, 23
Let z(m) be the third derivative of m**4/8 - 7*m**3/6 + 2*m**2. List the prime factors of z(6).
11
Let v(t) = -27*t - 11. List the prime factors of v(-3).
2, 5, 7
Let i(k) = 3*k**2. Let w(a) = -a**2 - 2*a. Let d be w(-2). Suppose -3*f + 2 + 1 = d. What are the prime factors of i(f)?
3
Suppose -4*b + 3*b + 14 = 0. What are the prime factors of b?
2, 7
Suppose -3*o = -5*n - 0 + 6, 0 = -2*o - 3*n + 15. Let q(c) = 3*c - 2. List the prime factors of q(o).
7
Let j(a) = 5*a**3 + 2*a**2 - a. Let g be -1 + (-3)/(-1) - 1. What are the prime factors of j(g)?
2, 3
Let u(b) = 4*b**2 + 2*b - 8. List the prime factors of u(-4).
2, 3
Let q be 12/(-15)*170/4. Let z = q + 49. List the prime factors of z.
3, 5
Suppose -2*f + 46 = 2*w, 0 = -2*w - f + 2*f + 40. Suppose -2*t + t + 2*a + 15 = 0, -4*t = 5*a - w. List the prime factors of t.
3
Suppose -5*n - 25 = -9*s + 4*s, 4 = -n. Let m = 5 - s. What are the prime factors of m?
2
Suppose -5*j - 7 = -2*q, -5*q - 4*j - 9 = 23. List the prime factors of 10*(-2 + (-1 - q)).
2, 5
Let h be 5 - (3 - (-3)/(-1)). Suppose 0 = 4*i - h - 3. List the prime factors of i.
2
What are the prime factors of (24/28)/(2/112)?
2, 3
Suppose 3*v + 1 = -4*m - 9, -16 = v - 5*m. What are the prime factors of 2*-10*3/v?
2, 5
Let n = 4 + 37. List the prime factors of n.
41
Let p = 2 + -3. Let x be (2 + 0 - p)/(-1). Let n = x + 5. What are the prime factors of n?
2
Let i(l) = l**2 - l - 14. List the prime factors of i(8).
2, 3, 7
What are the prime factors of ((-21)/(-9) + -1)*6?
2
Let z(w) = 2*w**2 + 12*w + 9. Let g be z(-8). Let r = 70 - g. What are the prime factors of r?
29
Let q(x) = -2*x + 6. Let l be q(6). Let g be 4*(2 - -1)/l. Let w(f) = 5*f**2 + 4*f + 3. List the prime factors of w(g).
3, 5
Suppose -2*x - x + 153 = 0. Suppose -k - x = -4*k. List the prime factors of k.
17
Let q = -1 + 1. Suppose t + 3*t - 16 = q. What are the prime factors of t?
2
Suppose -2*w = -w - 3. Suppose w*z - 4*k = 9, 27 = -z + 4*z + 2*k. List the prime factors of z.
7
Suppose -4*x = -2*x - 20. List the prime factors of x.
2, 5
Let n(h) = h**3 + 8*h**2 + 3*h + 10. List the prime factors of n(-6).
2
Let t be (-6)/(-18)*(1 - -14). Suppose -4*v + t*o + 124 = 0, 2*v - 47 = 4*o + 15. List the prime factors of v.
31
Let t = -19 + 33. Suppose -3*d = -4*c + 2*c + t, 5*d = -c - 6. List the prime factors of c.
2
Suppose 4*v - 72 = -8. Let s = v + -12. What are the prime factors of s?
2
Suppose -2*i = 8 - 52. Suppose -5*k + 43 = -i. What are the prime factors of k?
13
Let j be (-60)/8*2/(-3). Let i(w) = -20*w + 14. Let h(g) = 7*g - 5. Let q(a) = j*i(a) + 14*h(a). List the prime factors of q(-3).
2, 3
Let h be -2*((-63)/6)/1. Let b = h + -11. List the prime factors of b.
2, 5
Suppose 0 = 5*k - r + 61, -3*k - 5*r + 32 = 91. Let y = -9 - k. List the prime factors of y.
2
Let g be -7 - -4 - 5/(-1). List the prime factors of (-1)/2*-8 + g.
2, 3
Let g = -13 + 9. Let c = g - -18. Let f = c + -10. What are the prime factors of f?
2
Let y(h) = 7*h - 1. Let k = -2 + 3. Let r be y(k). What are the prime factors of (-4)/r - (-20)/3?
2, 3
Let u(o) = 3*o**2 + 12*o + 55. List the prime factors of u(-13).
2, 7, 29
Let n(z) = 2*z + 1. Let o be n(2). Suppose o*l - 25 = 60. List the prime factors of l.
17
Let d be 2*1*3/(-6). List the prime factors of (d + 5)/((-9)/(-9)).
2
Let g(x) = -x**3 - 9*x**2 + 9*x + 13. List the prime factors of g(-10).
23
Let c(p) be the third derivative of p**7/1680 - p**6/180 - p**5/60 + 2*p**2. Let g(i) be the third derivative of c(i). List the prime factors of g(5).
11
Let r(a) = -2*a**3 - 